 23, -3*h = 3*s. What is the remainder when h is divided by -2*-1*1/2?
0
Let r(l) = -26*l - 11. Let f(j) = j**2 + 9*j + 8. Let m be f(-7). What is the remainder when r(m) is divided by 37?
34
Suppose -501 = -20*u + 419. What is the remainder when 183 is divided by u?
45
Suppose 2 - 8 = -2*p. Suppose -p*z - 4*q + 72 = z, -q = -1. Calculate the remainder when z is divided by 9.
8
Suppose -2*k + 4*s = -302, -15*k + 464 = -12*k + 5*s. Calculate the remainder when k is divided by 13.
10
Suppose 5*p = z + 3*z - 1356, 5*z = 3*p + 1695. Calculate the remainder when z is divided by 10.
9
Suppose -2*d - v + 15 = 0, 3 = d - 5*v - 21. Let t be 3 + 3 + -6 + (1 - -17). Suppose -3*q + t - 3 = 0. Calculate the remainder when d is divided by q.
4
Let t(l) = 4*l**3 + l**2 + 3 - 3*l + l**2 - 3*l**2. What is the remainder when 96 is divided by t(2)?
21
Suppose -6*w + 29 = -5*w. Let g be 89 + 1 + (-10)/2. Suppose 0 = -11*n + 25 + g. Calculate the remainder when w is divided by n.
9
Let a(b) = 4*b**2 - 2*b - 41. Calculate the remainder when a(-6) is divided by 13.
11
Let u(r) = r**3 - 11*r**2 - 21*r + 44. Calculate the remainder when u(14) is divided by 85.
83
What is the remainder when (1216/80)/(1/120) is divided by 21?
18
Let p(u) = -7*u**2 + 8*u + u**3 + 4 - 6*u + 7*u. Calculate the remainder when p(7) is divided by 23.
21
Let j = -752 + 792. Calculate the remainder when j is divided by 24.
16
Let b(r) = r**3 + 3*r**2 - 13*r - 22. What is the remainder when 531 is divided by b(-4)?
13
Suppose 0 = -36*w + 9*w + 2025. Calculate the remainder when w is divided by 67.
8
Let m = -899 + 2889. Calculate the remainder when 53 is divided by 6/(-14) + m/70.
25
Let v(j) = j**2 - 13*j + 26. Let p be v(11). Suppose -32 = -4*k + p. Calculate the remainder when 142 is divided by k.
7
Let q = 25 - 21. Suppose -w + 20 = -q. What is the remainder when w is divided by 13?
11
Let k(y) = 3 - 217*y + 5 + 216*y. Calculate the remainder when 58 is divided by k(-12).
18
Suppose -52 + 46 = -l. What is the remainder when 11 is divided by l?
5
Suppose -2*q = 2, -4*q + 2*q - 374 = -4*x. What is the remainder when 555 is divided by x?
90
Let m = 4 + 1. Suppose 0 = m*l - 0*l - 95. Calculate the remainder when 55 is divided by l.
17
Suppose 2*x - 4*x = -84. Suppose -x = -5*n + 58. Calculate the remainder when 77 is divided by n.
17
Calculate the remainder when (-12 - -10 - -17)/(3/24) is divided by 9.
3
What is the remainder when 389 is divided by 6/(-18)*-5*18?
29
Let b be 6/(-8)*(-25 - -17). Suppose 0 = -2*z + 3*g, -g = z - b*g + 14. Calculate the remainder when 40 is divided by z.
4
Let s(j) = 12*j + 16. Let y(v) = v**2 + v. Let w(a) = a**3 + a**2 - 14*a - 9. Let m(u) = -w(u) - 6*y(u). Calculate the remainder when s(0) is divided by m(-8).
7
Let u(l) = 17*l + 6. Let o be u(2). Suppose 35*n - o*n = -165. Calculate the remainder when n is divided by 19.
14
Suppose -135 = -2*b - 51*n + 52*n, b - 2*n = 66. What is the remainder when b is divided by 14?
12
Let t(g) = -5*g**3 + g**2 + 7*g + 6. Calculate the remainder when 121 is divided by t(-2).
13
Let n be 6/4*(-8)/(-6). Suppose 6 = n*d - 14. Calculate the remainder when 15 is divided by 8*2*5/d.
7
Let c = 101 - 70. Let k = 16 + c. Calculate the remainder when k is divided by 16.
15
Suppose -2*y + t - 5*t = -104, -5*y + t + 205 = 0. What is the remainder when 1/(-4) + (-2505)/(-20) is divided by y?
41
Suppose 98*f - 75*f = 2047. What is the remainder when f is divided by 35?
19
Let w be (-1248)/(-18) - -4 - (-1)/(-3). Suppose 0*b = -3*b + d + w, -103 = -3*b - 5*d. Calculate the remainder when b is divided by 6.
2
Suppose -5*h - 4*u + 58 = -296, 3*u - 3 = 0. What is the remainder when 306 is divided by h?
26
Suppose -4*l = -4*d + 80, -2*d + 0*l - 4*l = -52. Suppose 3*o = -6*r + 60, -2*r + 4 = -8*o + 13*o. Calculate the remainder when d is divided by r.
10
Suppose 0 = 3*z + 2*r - 305, -99 = -2*z + z + 2*r. What is the remainder when z is divided by 51?
50
Let z = -98 + 139. Calculate the remainder when z is divided by ((-11)/2)/(1/(-2)).
8
Let v = -66 + 69. Calculate the remainder when (-226)/2*(v + -4) is divided by 38.
37
Let b(t) = -t**3 - t**2 + 5*t - 3. Let z = -4865 + 4880. What is the remainder when b(-4) is divided by z?
10
Let s(v) = 13*v**2 + 4*v + 4. Let a be s(-2). Let z = 115 - a. Calculate the remainder when z is divided by 18.
13
Let m be (-2)/6 + (-3576)/(-9). Suppose m*k - 398*k = -27. Calculate the remainder when 107 is divided by k.
26
Suppose -4*r + 228 - 112 = 0. Suppose v - 2 - r = 0. Calculate the remainder when v is divided by 86/8 + (-2)/(-8).
9
Calculate the remainder when 55 is divided by (-5488)/(-49)*(-4)/(-14).
23
Let a = -69 + 71. Suppose t + 4*g = -11 - 1, 11 = a*t + g. What is the remainder when 77 is divided by t?
5
Suppose -2*c - 77 + 81 = 0. Suppose 305 = 5*v - 0*v - 2*d, 5*v = -c*d + 285. What is the remainder when v is divided by 10?
9
Suppose -11 = 4*t - 27. Calculate the remainder when 41 is divided by (45/(-6))/((-2)/t).
11
What is the remainder when 54 is divided by (-9)/((-9)/20) + 0?
14
Suppose 29*s - 117 = -10*s. Calculate the remainder when 3 is divided by s.
0
Suppose 0*f = f - 27. Suppose -23 = o - 5*r, o - 2*r + 5 = -3. Suppose 0 = k - o - 13. Calculate the remainder when f is divided by k.
12
Let v(q) = q + 16. Let x be v(5). Let w = x - -8. What is the remainder when w is divided by 8?
5
Suppose -2*r = k - 6, 5*k - 15 = -3*r - 2*r. Suppose u - 2 - 3 = k. Let n(y) = 2*y**2 + y - 3. Calculate the remainder when n(3) is divided by u.
3
What is the remainder when (-209)/(-4) - -24*19/(-1824) is divided by 8/(3/(4 + 2))?
4
Suppose 5*v + t - 81 = 0, -5*v + 75 = -6*t + t. Suppose -6*n + 4*n + 10 = 0. Suppose -58 = -7*s + n*s. What is the remainder when s is divided by v?
13
Let h = -419 + 478. Calculate the remainder when h is divided by 27.
5
Let w be (-2)/(12/(-9))*-2. Let u = 2 - w. Suppose d - 35 = -4*d - 2*h, u*h + 7 = d. Calculate the remainder when d is divided by 4.
3
Suppose 28*t - 835 = 789. What is the remainder when t is divided by 15?
13
Let g(o) = -2*o**3 - 2*o + 1. Let u = -7 - -5. Let y(i) = i**3 + 21*i**2 + 19*i + 20. Calculate the remainder when y(-20) is divided by g(u).
19
Suppose -4*r + 8*r = 3*p - 32, -5*p + 4*r = -56. Calculate the remainder when 90 is divided by p.
6
Let z(y) = 2*y**3 - 69*y**2 + 37*y - 87. What is the remainder when (-14)/(-4)*(1 - -37) is divided by z(34)?
13
Suppose -4*u = 2*i - 1022, -3*u = 5*i - 7*i - 777. Calculate the remainder when u is divided by 26.
23
Let o = 1388 - 1281. Calculate the remainder when o is divided by 63.
44
What is the remainder when (2442/(-88))/((18/32)/(-3)) is divided by 10?
8
Let a = 116 + -51. Suppose -i + 45 - 12 = -3*h, -i + 36 = -4*h. Calculate the remainder when a is divided by i.
17
Suppose 0 = 3*c - 5 - 4, 0 = 4*o - 2*c - 150. Suppose 0 = -3*z + 15, -4*a + 3*z + 25 = -0*a. What is the remainder when o is divided by a?
9
Suppose -r - 4*p - 78 = r, -r - 41 = 3*p. Let a = -28 - r. Calculate the remainder when 11 is divided by a.
4
Let y be -13*(-4 - 0 - -3). Let a = 31 + y. Calculate the remainder when 175 is divided by a.
43
Let j = 8 + -4. Let t(g) = 0 + g + 1 + g**2 + 0 + 14*g**3 - 3. Calculate the remainder when t(1) is divided by j.
2
Suppose -2*q - 3*r = -552, 0 = 20*q - 19*q + 3*r - 279. Calculate the remainder when q is divided by 12.
9
Let y be (16/2)/2 - 7. Let v be 1 + 3 + (-9)/y. Calculate the remainder when 17 is divided by (-1 + v)*2/2.
5
Let g = -144 + 68. Let n be (1 + 0)*(-2)/(-1). What is the remainder when 55 is divided by ((-14)/28)/(n/g)?
17
Suppose -12 = 2*q + 5*u, -5*q + 1 + 7 = 3*u. Suppose 2 + 6 = -q*i. Let g(z) = 10*z**2 + z + 2. What is the remainder when g(i) is divided by 14?
12
Let d = 41 - 16. Let u = -15 + 63. What is the remainder when u is divided by d?
23
Let y(z) = 4*z + 37. Calculate the remainder when y(-2) is divided by (1 - 3 - -15) + -3.
9
Let a be 73/3 - 8/24. Suppose 0 = -2*d - 2*g + 42, 5*g + a = d + 3*g. Calculate the remainder when d is divided by 13.
9
Suppose -2*v + 4*f + 28 = 0, v = -2*f - 0*f + 30. Suppose 4*r - 174 = -v. Calculate the remainder when 70 is divided by r.
32
Suppose -5 = -2*x - 5. Suppose 3*h - 38 - 40 = x. What is the remainder when 47 is divided by h?
21
L